[INFO] fetching crate amethyst_rendy 0.15.3...
[INFO] checking amethyst_rendy-0.15.3 against try#72f88fc4e9458f89516a0b8b0868f3718aec5b47 for pr-74989
[INFO] extracting crate amethyst_rendy 0.15.3 into /workspace/builds/worker-14/source
[INFO] validating manifest of crates.io crate amethyst_rendy 0.15.3 on toolchain 72f88fc4e9458f89516a0b8b0868f3718aec5b47
[INFO] running `Command { std: "/workspace/cargo-home/bin/cargo" "+72f88fc4e9458f89516a0b8b0868f3718aec5b47" "read-manifest" "--manifest-path" "Cargo.toml", kill_on_drop: false }`
[INFO] started tweaking crates.io crate amethyst_rendy 0.15.3
[INFO] finished tweaking crates.io crate amethyst_rendy 0.15.3
[INFO] tweaked toml for crates.io crate amethyst_rendy 0.15.3 written to /workspace/builds/worker-14/source/Cargo.toml
[INFO] running `Command { std: "/workspace/cargo-home/bin/cargo" "+72f88fc4e9458f89516a0b8b0868f3718aec5b47" "generate-lockfile" "--manifest-path" "Cargo.toml" "-Zno-index-update", kill_on_drop: false }`
[INFO] running `Command { std: "/workspace/cargo-home/bin/cargo" "+72f88fc4e9458f89516a0b8b0868f3718aec5b47" "fetch" "--locked" "--manifest-path" "Cargo.toml", kill_on_drop: false }`
[INFO] running `Command { std: "docker" "create" "-v" "/var/lib/crater-agent-workspace/builds/worker-14/target:/opt/rustwide/target:rw,Z" "-v" "/var/lib/crater-agent-workspace/builds/worker-14/source:/opt/rustwide/workdir:ro,Z" "-v" "/var/lib/crater-agent-workspace/cargo-home:/opt/rustwide/cargo-home:ro,Z" "-v" "/var/lib/crater-agent-workspace/rustup-home:/opt/rustwide/rustup-home:ro,Z" "-e" "SOURCE_DIR=/opt/rustwide/workdir" "-e" "CARGO_TARGET_DIR=/opt/rustwide/target" "-e" "CARGO_HOME=/opt/rustwide/cargo-home" "-e" "RUSTUP_HOME=/opt/rustwide/rustup-home" "-w" "/opt/rustwide/workdir" "-m" "1610612736" "--user" "0:0" "--network" "none" "rustops/crates-build-env@sha256:d92eaeed33fa75130ca1ee6c8a01d1ffb62bac859dfdfb3450e3e5d1c0146529" "/opt/rustwide/cargo-home/bin/cargo" "+72f88fc4e9458f89516a0b8b0868f3718aec5b47" "metadata" "--no-deps" "--format-version=1", kill_on_drop: false }`
[INFO] [stdout] 520e21470927b84abcb3546a531902190cf8daf4a9f10a1308a3a937a12ec717
[INFO] [stderr] WARNING: Your kernel does not support swap limit capabilities or the cgroup is not mounted. Memory limited without swap.
[INFO] running `Command { std: "docker" "start" "-a" "520e21470927b84abcb3546a531902190cf8daf4a9f10a1308a3a937a12ec717", kill_on_drop: false }`
[INFO] running `Command { std: "docker" "inspect" "520e21470927b84abcb3546a531902190cf8daf4a9f10a1308a3a937a12ec717", kill_on_drop: false }`
[INFO] running `Command { std: "docker" "rm" "-f" "520e21470927b84abcb3546a531902190cf8daf4a9f10a1308a3a937a12ec717", kill_on_drop: false }`
[INFO] [stdout] 520e21470927b84abcb3546a531902190cf8daf4a9f10a1308a3a937a12ec717
[INFO] running `Command { std: "docker" "create" "-v" "/var/lib/crater-agent-workspace/builds/worker-14/target:/opt/rustwide/target:rw,Z" "-v" "/var/lib/crater-agent-workspace/builds/worker-14/source:/opt/rustwide/workdir:ro,Z" "-v" "/var/lib/crater-agent-workspace/cargo-home:/opt/rustwide/cargo-home:ro,Z" "-v" "/var/lib/crater-agent-workspace/rustup-home:/opt/rustwide/rustup-home:ro,Z" "-e" "SOURCE_DIR=/opt/rustwide/workdir" "-e" "CARGO_TARGET_DIR=/opt/rustwide/target" "-e" "CARGO_INCREMENTAL=0" "-e" "RUST_BACKTRACE=full" "-e" "RUSTFLAGS=--cap-lints=forbid" "-e" "CARGO_HOME=/opt/rustwide/cargo-home" "-e" "RUSTUP_HOME=/opt/rustwide/rustup-home" "-w" "/opt/rustwide/workdir" "-m" "1610612736" "--user" "0:0" "--network" "none" "rustops/crates-build-env@sha256:d92eaeed33fa75130ca1ee6c8a01d1ffb62bac859dfdfb3450e3e5d1c0146529" "/opt/rustwide/cargo-home/bin/cargo" "+72f88fc4e9458f89516a0b8b0868f3718aec5b47" "check" "--frozen" "--all" "--all-targets" "--message-format=json", kill_on_drop: false }`
[INFO] [stdout] 8c984ab036d54343f0d4bb50d62be2991c8bf4f42cb5ed141634a1cb88e9ab6b
[INFO] [stderr] WARNING: Your kernel does not support swap limit capabilities or the cgroup is not mounted. Memory limited without swap.
[INFO] running `Command { std: "docker" "start" "-a" "8c984ab036d54343f0d4bb50d62be2991c8bf4f42cb5ed141634a1cb88e9ab6b", kill_on_drop: false }`
[INFO] [stderr]    Compiling proc-macro2 v1.0.21
[INFO] [stderr]    Compiling unicode-xid v0.2.1
[INFO] [stderr]    Compiling syn v1.0.40
[INFO] [stderr]    Compiling libc v0.2.77
[INFO] [stderr]     Checking cfg-if v0.1.10
[INFO] [stderr]    Compiling serde_derive v1.0.116
[INFO] [stderr]    Compiling serde v1.0.116
[INFO] [stderr]     Checking lazy_static v1.4.0
[INFO] [stderr]    Compiling byteorder v1.3.4
[INFO] [stderr]    Compiling log v0.4.11
[INFO] [stderr]    Compiling semver-parser v0.7.0
[INFO] [stderr]    Compiling bitflags v1.2.1
[INFO] [stderr]    Compiling proc-macro2 v0.4.30
[INFO] [stderr]    Compiling libm v0.2.1
[INFO] [stderr]    Compiling unicode-xid v0.1.0
[INFO] [stderr]     Checking rustc-demangle v0.1.16
[INFO] [stderr]    Compiling ryu v1.0.5
[INFO] [stderr]    Compiling failure_derive v0.1.8
[INFO] [stderr]    Compiling serde_json v1.0.57
[INFO] [stderr]    Compiling version_check v0.9.2
[INFO] [stderr]     Checking itoa v0.4.6
[INFO] [stderr]    Compiling rand_core v0.4.2
[INFO] [stderr]    Compiling autocfg v0.1.7
[INFO] [stderr]    Compiling getrandom v0.1.15
[INFO] [stderr]    Compiling memchr v2.3.3
[INFO] [stderr]     Checking atom v0.3.5
[INFO] [stderr]     Checking slab v0.4.2
[INFO] [stderr]     Checking colorful v0.2.1
[INFO] [stderr]    Compiling arrayvec v0.4.12
[INFO] [stderr]     Checking smallvec v1.4.2
[INFO] [stderr]     Checking nodrop v0.1.14
[INFO] [stderr]     Checking ppv-lite86 v0.2.9
[INFO] [stderr]    Compiling rustversion v1.0.3
[INFO] [stderr]    Compiling num-derive v0.2.5
[INFO] [stderr]    Compiling regex-syntax v0.6.18
[INFO] [stderr]     Checking ahash v0.3.8
[INFO] [stderr]     Checking mopa v0.2.2
[INFO] [stderr]     Checking arrayvec v0.5.1
[INFO] [stderr]     Checking mint v0.5.5
[INFO] [stderr]     Checking lzw v0.10.0
[INFO] [stderr]     Checking static_assertions v0.3.4
[INFO] [stderr]     Checking rawpointer v0.2.1
[INFO] [stderr]     Checking shrev v1.1.1
[INFO] [stderr]     Checking tuple_utils v0.3.0
[INFO] [stderr]     Checking color_quant v1.0.1
[INFO] [stderr]     Checking scoped_threadpool v0.1.9
[INFO] [stderr]    Compiling cgmath v0.16.1
[INFO] [stderr]    Compiling unicode-segmentation v1.6.0
[INFO] [stderr]    Compiling edit-distance v2.1.0
[INFO] [stderr]    Compiling inflections v1.1.1
[INFO] [stderr]    Compiling inventory v0.1.9
[INFO] [stderr]     Checking fnv v1.0.7
[INFO] [stderr]     Checking objekt v0.1.2
[INFO] [stderr]     Checking base64 v0.11.0
[INFO] [stderr]     Checking static_assertions v1.1.0
[INFO] [stderr]    Compiling num-traits v0.2.12
[INFO] [stderr]    Compiling num-integer v0.1.43
[INFO] [stderr]    Compiling num-rational v0.2.4
[INFO] [stderr]    Compiling num-iter v0.1.41
[INFO] [stderr]    Compiling hashbrown v0.7.2
[INFO] [stderr]    Compiling num-complex v0.2.4
[INFO] [stderr]    Compiling num-rational v0.3.0
[INFO] [stderr]     Checking lock_api v0.3.4
[INFO] [stderr]     Checking crossbeam-utils v0.6.6
[INFO] [stderr]    Compiling semver v0.9.0
[INFO] [stderr]     Checking inflate v0.4.5
[INFO] [stderr]    Compiling rand_core v0.3.1
[INFO] [stderr]    Compiling rand_jitter v0.1.4
[INFO] [stderr]    Compiling phf_shared v0.7.24
[INFO] [stderr]    Compiling thread_local v1.0.1
[INFO] [stderr]     Checking matrixmultiply v0.2.3
[INFO] [stderr]    Compiling nom v5.1.2
[INFO] [stderr]    Compiling proc-macro-error-attr v1.0.4
[INFO] [stderr]    Compiling proc-macro-error v1.0.4
[INFO] [stderr]     Checking gif v0.10.3
[INFO] [stderr]    Compiling rand_chacha v0.1.1
[INFO] [stderr]    Compiling rand_pcg v0.1.2
[INFO] [stderr]    Compiling rand v0.6.5
[INFO] [stderr]    Compiling heck v0.3.1
[INFO] [stderr]     Checking crc32fast v1.2.0
[INFO] [stderr]    Compiling rand_hc v0.1.0
[INFO] [stderr]    Compiling rand_isaac v0.1.1
[INFO] [stderr]    Compiling rand_xorshift v0.1.1
[INFO] [stderr]     Checking phf v0.7.24
[INFO] [stderr]     Checking crossbeam-utils v0.7.2
[INFO] [stderr]     Checking crossbeam-channel v0.3.9
[INFO] [stderr]     Checking crossbeam-queue v0.1.2
[INFO] [stderr]    Compiling rustc_version v0.2.3
[INFO] [stderr]    Compiling aho-corasick v0.7.13
[INFO] [stderr]     Checking fxhash v0.2.1
[INFO] [stderr]     Checking deflate v0.7.20
[INFO] [stderr]     Checking deflate v0.8.6
[INFO] [stderr]     Checking base64 v0.10.1
[INFO] [stderr]    Compiling quote v1.0.7
[INFO] [stderr]     Checking crossbeam-epoch v0.8.2
[INFO] [stderr]     Checking crossbeam-channel v0.4.4
[INFO] [stderr]     Checking crossbeam-queue v0.2.3
[INFO] [stderr]    Compiling quote v0.6.13
[INFO] [stderr]    Compiling parking_lot_core v0.6.2
[INFO] [stderr]    Compiling parking_lot v0.9.0
[INFO] [stderr]    Compiling lexical-core v0.4.6
[INFO] [stderr]    Compiling lexical v2.2.2
[INFO] [stderr]     Checking num_cpus v1.13.0
[INFO] [stderr]     Checking backtrace v0.3.50
[INFO] [stderr]     Checking time v0.1.44
[INFO] [stderr]     Checking parking_lot_core v0.7.2
[INFO] [stderr]     Checking rand v0.4.6
[INFO] [stderr]    Compiling rand_os v0.1.3
[INFO] [stderr]     Checking png v0.15.3
[INFO] [stderr]     Checking png v0.16.7
[INFO] [stderr]     Checking crossbeam-deque v0.7.3
[INFO] [stderr]    Compiling syn v0.15.44
[INFO] [stderr]    Compiling syn v0.14.9
[INFO] [stderr]     Checking rand_core v0.5.1
[INFO] [stderr]     Checking relevant v0.4.2
[INFO] [stderr]     Checking amethyst_error v0.15.3
[INFO] [stderr]     Checking parking_lot v0.10.2
[INFO] [stderr]     Checking rayon-core v1.8.0
[INFO] [stderr]     Checking rand_chacha v0.2.2
[INFO] [stderr]     Checking rand v0.7.3
[INFO] [stderr]     Checking approx v0.3.2
[INFO] [stderr]     Checking num-traits v0.1.43
[INFO] [stderr]    Compiling regex v1.3.9
[INFO] [stderr]     Checking rayon v1.4.0
[INFO] [stderr]     Checking tynm v0.1.4
[INFO] [stderr]    Compiling phf_generator v0.7.24
[INFO] [stderr]     Checking rand_distr v0.2.2
[INFO] [stderr]    Compiling phf_codegen v0.7.24
[INFO] [stderr]    Compiling palette v0.4.1
[INFO] [stderr]     Checking wavefront_obj v6.0.0
[INFO] [stderr]    Compiling env_logger v0.7.1
[INFO] [stderr]    Compiling quickcheck v0.9.2
[INFO] [stderr]     Checking genmesh v0.6.2
[INFO] [stderr]     Checking hibitset v0.6.3
[INFO] [stderr]     Checking jpeg-decoder v0.1.20
[INFO] [stderr]    Compiling palette_derive v0.4.1
[INFO] [stderr]     Checking image v0.23.9
[INFO] [stderr]    Compiling derivative v1.0.4
[INFO] [stderr]    Compiling synstructure v0.12.4
[INFO] [stderr]    Compiling proc_macro_roids v0.7.0
[INFO] [stderr]     Checking tiff v0.3.1
[INFO] [stderr]    Compiling shred-derive v0.6.2
[INFO] [stderr]    Compiling specs-derive v0.4.1
[INFO] [stderr]    Compiling gltf-derive v0.15.2
[INFO] [stderr]    Compiling derivative v2.1.1
[INFO] [stderr]    Compiling alga_derive v0.9.2
[INFO] [stderr]    Compiling ghost v0.1.2
[INFO] [stderr]    Compiling derive-new v0.5.8
[INFO] [stderr]    Compiling ctor v0.1.15
[INFO] [stderr]    Compiling getset v0.0.9
[INFO] [stderr]    Compiling inventory-impl v0.1.9
[INFO] [stderr]    Compiling glsl-layout-derive v0.3.2
[INFO] [stderr]     Checking image v0.22.5
[INFO] [stderr]     Checking shred v0.10.2
[INFO] [stderr]     Checking glsl-layout v0.3.2
[INFO] [stderr]    Compiling err-derive v0.2.4
[INFO] [stderr]     Checking failure v0.1.8
[INFO] [stderr]     Checking specs v0.16.1
[INFO] [stderr]     Checking specs-hierarchy v0.6.0
[INFO] [stderr]     Checking smallvec v0.6.13
[INFO] [stderr]     Checking gfx-hal v0.3.1
[INFO] [stderr]     Checking ron v0.5.1
[INFO] [stderr]     Checking serde_bytes v0.11.5
[INFO] [stderr]     Checking erased-serde v0.3.12
[INFO] [stderr]    Compiling toml v0.5.6
[INFO] [stderr]     Checking alga v0.9.3
[INFO] [stderr]     Checking amethyst_config v0.15.3
[INFO] [stderr]     Checking thread_profiler v0.3.0
[INFO] [stderr]     Checking gltf-json v0.15.2
[INFO] [stderr]    Compiling proc-macro-crate v0.1.5
[INFO] [stderr]     Checking nalgebra v0.19.0
[INFO] [stderr]    Compiling amethyst_derive v0.15.3
[INFO] [stderr]     Checking gltf v0.15.2
[INFO] [stderr]     Checking rendy-util v0.4.1
[INFO] [stderr]     Checking rendy-descriptor v0.4.1
[INFO] [stderr]     Checking rendy-memory v0.4.1
[INFO] [stderr]     Checking rendy-chain v0.4.1
[INFO] [stderr]     Checking rendy-resource v0.4.1
[INFO] [stderr]     Checking rendy-command v0.4.1
[INFO] [stderr]     Checking rendy-wsi v0.4.1
[INFO] [stderr]     Checking rendy-factory v0.4.1
[INFO] [stderr]     Checking rendy-shader v0.4.1
[INFO] [stderr]     Checking rendy-frame v0.4.1
[INFO] [stderr]     Checking rendy-texture v0.4.1
[INFO] [stderr]     Checking rendy-mesh v0.4.1
[INFO] [stderr]     Checking rendy-graph v0.4.1
[INFO] [stderr]     Checking rendy v0.4.1
[INFO] [stderr]     Checking amethyst_core v0.15.3
[INFO] [stderr]     Checking amethyst_assets v0.15.3
[INFO] [stderr]     Checking amethyst_rendy v0.15.3 (/opt/rustwide/workdir)
[INFO] [stdout] error: You must specify at least one graphical backend feature: "metal", "vulkan", "empty"
[INFO] [stdout] "See the wiki article https://book.amethyst.rs/stable/appendices/c_feature_gates.html#graphics-features for more details."
[INFO] [stdout]    --> src/types.rs:112:1
[INFO] [stdout]     |
[INFO] [stdout] 112 | / impl_backends!(
[INFO] [stdout] 113 | |     // DirectX 12 is currently disabled because of incomplete gfx-hal support for it.
[INFO] [stdout] 114 | |     // It will be re-enabled when it actually works.
[INFO] [stdout] 115 | |     // Dx12, "dx12", rendy::dx12::Backend;
[INFO] [stdout] ...   |
[INFO] [stdout] 118 | |     Empty, "empty", rendy::empty::Backend;
[INFO] [stdout] 119 | | );
[INFO] [stdout]     | |__^
[INFO] [stdout]     |
[INFO] [stdout]     = note: this error originates in a macro (in Nightly builds, run with -Z macro-backtrace for more info)
[INFO] [stdout] 
[INFO] [stdout] 
[INFO] [stdout] error: You must specify at least one graphical backend feature: "metal", "vulkan", "empty"
[INFO] [stdout] "See the wiki article https://book.amethyst.rs/stable/appendices/c_feature_gates.html#graphics-features for more details."
[INFO] [stdout]    --> src/types.rs:112:1
[INFO] [stdout]     |
[INFO] [stdout] 112 | / impl_backends!(
[INFO] [stdout] 113 | |     // DirectX 12 is currently disabled because of incomplete gfx-hal support for it.
[INFO] [stdout] 114 | |     // It will be re-enabled when it actually works.
[INFO] [stdout] 115 | |     // Dx12, "dx12", rendy::dx12::Backend;
[INFO] [stdout] ...   |
[INFO] [stdout] 118 | |     Empty, "empty", rendy::empty::Backend;
[INFO] [stdout] 119 | | );
[INFO] [stdout]     | |__^
[INFO] [stdout]     |
[INFO] [stdout]     = note: this error originates in a macro (in Nightly builds, run with -Z macro-backtrace for more info)
[INFO] [stdout] 
[INFO] [stdout] 
[INFO] [stdout] error[E0432]: unresolved import `crate::types::DefaultBackend`
[INFO] [stdout]    --> src/bundle.rs:785:26
[INFO] [stdout]     |
[INFO] [stdout] 785 |         types::{Backend, DefaultBackend},
[INFO] [stdout]     |                          ^^^^^^^^^^^^^^ no `DefaultBackend` in `types`
[INFO] [stdout] 
[INFO] [stdout] 
[INFO] [stdout] error[E0432]: unresolved import `more_asserts`
[INFO] [stdout]    --> src/camera.rs:349:9
[INFO] [stdout]     |
[INFO] [stdout] 349 |     use more_asserts::{assert_ge, assert_gt, assert_le, assert_lt};
[INFO] [stdout]     |         ^^^^^^^^^^^^ use of undeclared type or module `more_asserts`
[INFO] [stdout] 
[INFO] [stdout] 
[INFO] [stdout] error[E0432]: unresolved import `rayon`
[INFO] [stdout]    --> src/sprite/prefab.rs:267:9
[INFO] [stdout]     |
[INFO] [stdout] 267 |     use rayon::ThreadPoolBuilder;
[INFO] [stdout]     |         ^^^^^ use of undeclared type or module `rayon`
[INFO] [stdout] 
[INFO] [stdout] 
[INFO] [stdout] error[E0432]: unresolved import `rayon`
[INFO] [stdout]    --> src/sprite/mod.rs:595:13
[INFO] [stdout]     |
[INFO] [stdout] 595 |         use rayon::ThreadPoolBuilder;
[INFO] [stdout]     |             ^^^^^ use of undeclared type or module `rayon`
[INFO] [stdout] 
[INFO] [stdout] 
[INFO] [stdout] error[E0432]: unresolved import `winit`
[INFO] [stdout]    --> src/bundle.rs:894:13
[INFO] [stdout]     |
[INFO] [stdout] 894 |         use winit::{EventsLoop, WindowBuilder};
[INFO] [stdout]     |             ^^^^^ use of undeclared type or module `winit`
[INFO] [stdout] 
[INFO] [stdout] 
[INFO] [stdout] error: cannot determine resolution for the macro `assert_gt`
[INFO] [stdout]    --> src/camera.rs:530:9
[INFO] [stdout]     |
[INFO] [stdout] 530 |         assert_gt!(x_axis[0], 0.0);
[INFO] [stdout]     |         ^^^^^^^^^
[INFO] [stdout]     |
[INFO] [stdout]     = note: import resolution is stuck, try simplifying macro imports
[INFO] [stdout] 
[INFO] [stdout] 
[INFO] [stdout] error: cannot determine resolution for the macro `assert_gt`
[INFO] [stdout]    --> src/camera.rs:531:9
[INFO] [stdout]     |
[INFO] [stdout] 531 |         assert_gt!(y_axis[1], 0.0);
[INFO] [stdout]     |         ^^^^^^^^^
[INFO] [stdout]     |
[INFO] [stdout]     = note: import resolution is stuck, try simplifying macro imports
[INFO] [stdout] 
[INFO] [stdout] 
[INFO] [stdout] error: cannot determine resolution for the macro `assert_le`
[INFO] [stdout]    --> src/camera.rs:532:9
[INFO] [stdout]     |
[INFO] [stdout] 532 |         assert_le!(z_axis[2], 0.0);
[INFO] [stdout]     |         ^^^^^^^^^
[INFO] [stdout]     |
[INFO] [stdout]     = note: import resolution is stuck, try simplifying macro imports
[INFO] [stdout] 
[INFO] [stdout] 
[INFO] [stdout] error: cannot determine resolution for the macro `assert_gt`
[INFO] [stdout]    --> src/camera.rs:580:9
[INFO] [stdout]     |
[INFO] [stdout] 580 |         assert_gt!(x_axis[0], 0.0);
[INFO] [stdout]     |         ^^^^^^^^^
[INFO] [stdout]     |
[INFO] [stdout]     = note: import resolution is stuck, try simplifying macro imports
[INFO] [stdout] 
[INFO] [stdout] 
[INFO] [stdout] error: cannot determine resolution for the macro `assert_lt`
[INFO] [stdout]    --> src/camera.rs:583:9
[INFO] [stdout]     |
[INFO] [stdout] 583 |         assert_lt!(y_axis[1], 0.0);
[INFO] [stdout]     |         ^^^^^^^^^
[INFO] [stdout]     |
[INFO] [stdout]     = note: import resolution is stuck, try simplifying macro imports
[INFO] [stdout] 
[INFO] [stdout] 
[INFO] [stdout] error: cannot determine resolution for the macro `assert_ge`
[INFO] [stdout]    --> src/camera.rs:586:9
[INFO] [stdout]     |
[INFO] [stdout] 586 |         assert_ge!(z_axis[2], 0.0);
[INFO] [stdout]     |         ^^^^^^^^^
[INFO] [stdout]     |
[INFO] [stdout]     = note: import resolution is stuck, try simplifying macro imports
[INFO] [stdout] 
[INFO] [stdout] 
[INFO] [stdout] error: cannot determine resolution for the macro `assert_le`
[INFO] [stdout]    --> src/camera.rs:587:9
[INFO] [stdout]     |
[INFO] [stdout] 587 |         assert_le!(z_axis[2], 1.0);
[INFO] [stdout]     |         ^^^^^^^^^
[INFO] [stdout]     |
[INFO] [stdout]     = note: import resolution is stuck, try simplifying macro imports
[INFO] [stdout] 
[INFO] [stdout] 
[INFO] [stdout] error: cannot determine resolution for the macro `assert_le`
[INFO] [stdout]    --> src/camera.rs:594:9
[INFO] [stdout]     |
[INFO] [stdout] 594 |         assert_le!(x_axis_clipped[0], -1.0);
[INFO] [stdout]     |         ^^^^^^^^^
[INFO] [stdout]     |
[INFO] [stdout]     = note: import resolution is stuck, try simplifying macro imports
[INFO] [stdout] 
[INFO] [stdout] 
[INFO] [stdout] error: cannot determine resolution for the macro `assert_ge`
[INFO] [stdout]    --> src/camera.rs:595:9
[INFO] [stdout]     |
[INFO] [stdout] 595 |         assert_ge!(y_axis_clipped[1], 1.0);
[INFO] [stdout]     |         ^^^^^^^^^
[INFO] [stdout]     |
[INFO] [stdout]     = note: import resolution is stuck, try simplifying macro imports
[INFO] [stdout] 
[INFO] [stdout] 
[INFO] [stdout] error: cannot determine resolution for the macro `assert_lt`
[INFO] [stdout]    --> src/camera.rs:598:9
[INFO] [stdout]     |
[INFO] [stdout] 598 |         assert_lt!(z_axis_clipped[2], 0.0);
[INFO] [stdout]     |         ^^^^^^^^^
[INFO] [stdout]     |
[INFO] [stdout]     = note: import resolution is stuck, try simplifying macro imports
[INFO] [stdout] 
[INFO] [stdout] 
[INFO] [stdout] error: cannot determine resolution for the macro `assert_gt`
[INFO] [stdout]    --> src/camera.rs:621:9
[INFO] [stdout]     |
[INFO] [stdout] 621 |         assert_gt!(x_axis[0], 0.0);
[INFO] [stdout]     |         ^^^^^^^^^
[INFO] [stdout]     |
[INFO] [stdout]     = note: import resolution is stuck, try simplifying macro imports
[INFO] [stdout] 
[INFO] [stdout] 
[INFO] [stdout] error: cannot determine resolution for the macro `assert_lt`
[INFO] [stdout]    --> src/camera.rs:624:9
[INFO] [stdout]     |
[INFO] [stdout] 624 |         assert_lt!(y_axis[1], 0.0);
[INFO] [stdout]     |         ^^^^^^^^^
[INFO] [stdout]     |
[INFO] [stdout]     = note: import resolution is stuck, try simplifying macro imports
[INFO] [stdout] 
[INFO] [stdout] 
[INFO] [stdout] error: cannot determine resolution for the macro `assert_ge`
[INFO] [stdout]    --> src/camera.rs:627:9
[INFO] [stdout]     |
[INFO] [stdout] 627 |         assert_ge!(z_axis[2], 0.0);
[INFO] [stdout]     |         ^^^^^^^^^
[INFO] [stdout]     |
[INFO] [stdout]     = note: import resolution is stuck, try simplifying macro imports
[INFO] [stdout] 
[INFO] [stdout] 
[INFO] [stdout] error: cannot determine resolution for the macro `assert_le`
[INFO] [stdout]    --> src/camera.rs:628:9
[INFO] [stdout]     |
[INFO] [stdout] 628 |         assert_le!(z_axis[2], 1.0);
[INFO] [stdout]     |         ^^^^^^^^^
[INFO] [stdout]     |
[INFO] [stdout]     = note: import resolution is stuck, try simplifying macro imports
[INFO] [stdout] 
[INFO] [stdout] 
[INFO] [stdout] error: aborting due to previous error
[INFO] [stdout] 
[INFO] [stdout] 
[INFO] [stderr] error: could not compile `amethyst_rendy`.
[INFO] [stderr] 
[INFO] [stderr] To learn more, run the command again with --verbose.
[INFO] [stderr] warning: build failed, waiting for other jobs to finish...
[INFO] [stdout] error: aborting due to 20 previous errors
[INFO] [stdout] 
[INFO] [stdout] 
[INFO] [stdout] For more information about this error, try `rustc --explain E0432`.
[INFO] [stdout] 
[INFO] [stderr] error: build failed
[INFO] running `Command { std: "docker" "inspect" "8c984ab036d54343f0d4bb50d62be2991c8bf4f42cb5ed141634a1cb88e9ab6b", kill_on_drop: false }`
[INFO] running `Command { std: "docker" "rm" "-f" "8c984ab036d54343f0d4bb50d62be2991c8bf4f42cb5ed141634a1cb88e9ab6b", kill_on_drop: false }`
[INFO] [stdout] 8c984ab036d54343f0d4bb50d62be2991c8bf4f42cb5ed141634a1cb88e9ab6b
